the remainder when 11177655 is divided by 1085.
1070
What is the remainder when 897932 is divided by 64138?
0
What is the remainder when 199565 is divided by 9477?
548
Calculate the remainder when 15038269 is divided by 138.
133
What is the remainder when 38775453 is divided by 54?
51
Calculate the remainder when 5881736 is divided by 367607.
24
Calculate the remainder when 18779312 is divided by 13.
6
Calculate the remainder when 22734735 is divided by 20.
15
What is the remainder when 58800 is divided by 1586?
118
Calculate the remainder when 952494 is divided by 28014.
18
Calculate the remainder when 21504209 is divided by 26.
25
What is the remainder when 111392 is divided by 18529?
218
Calculate the remainder when 257140 is divided by 85566.
442
Calculate the remainder when 5575663 is divided by 4658.
37
Calculate the remainder when 2403611 is divided by 2403505.
106
Calculate the remainder when 317623062 is divided by 580.
562
Calculate the remainder when 144953 is divided by 48014.
911
What is the remainder when 127330894 is divided by 12?
10
Calculate the remainder when 9198 is divided by 4796.
4402
Calculate the remainder when 9525 is divided by 179.
38
What is the remainder when 2845002 is divided by 19?
18
What is the remainder when 517962 is divided by 10152?
210
Calculate the remainder when 5537598 is divided by 193.
42
Calculate the remainder when 28313 is divided by 27517.
796
Calculate the remainder when 31885216 is divided by 119.
118
Calculate the remainder when 62434 is divided by 20594.
652
Calculate the remainder when 46100 is divided by 59.
21
Calculate the remainder when 6530344 is divided by 25311.
106
What is the remainder when 340720 is divided by 605?
105
Calculate the remainder when 2046586 is divided by 4373.
22
What is the remainder when 29478950 is divided by 1637718?
26
What is the remainder when 522051 is divided by 7052?
203
What is the remainder when 1094932 is divided by 1894?
200
What is the remainder when 1025041 is divided by 1025009?
32
What is the remainder when 45904881 is divided by 2861?
136
Calculate the remainder when 181609 is divided by 10680.
49
Calculate the remainder when 119711 is divided by 160.
31
Calculate the remainder when 2268610 is divided by 31.
30
Calculate the remainder when 3580328 is divided by 1193403.
119
What is the remainder when 171432 is divided by 2090?
52
Calculate the remainder when 473241 is divided by 26291.
3
What is the remainder when 101993339 is divided by 60?
59
Calculate the remainder when 124412213 is divided by 39.
29
Calculate the remainder when 113900 is divided by 37931.
107
What is the remainder when 304760 is divided by 33726?
1226
What is the remainder when 1098862 is divided by 745?
732
Calculate the remainder when 130280851 is divided by 44.
19
Calculate the remainder when 2682747 is divided by 165.
12
Calculate the remainder when 19017123 is divided by 12136.
11
What is the remainder when 22789700 is divided by 1139485?
0
Calculate the remainder when 6763 is divided by 2382.
1999
Calculate the remainder when 155602 is divided by 734.
728
Calculate the remainder when 4814231 is divided by 50.
31
Calculate the remainder when 26997 is divided by 1483.
303
What is the remainder when 7695291 is divided by 623?
618
Calculate the remainder when 57090015 is divided by 9855.
0
What is the remainder when 424689 is divided by 62?
51
What is the remainder when 3923137 is divided by 506?
119
Calculate the remainder when 236219 is divided by 5249.
14
Calculate the remainder when 10147080 is divided by 1273.
1270
Calculate the remainder when 7328578 is divided by 8.
2
What is the remainder when 631413 is divided by 1455?
1398
What is the remainder when 688029 is divided by 12979?
142
What is the remainder when 307531 is divided by 1046?
7
What is the remainder when 48327449 is divided by 93?
92
What is the remainder when 119501 is divided by 726?
437
Calculate the remainder when 50016 is divided by 4338.
2298
Calculate the remainder when 429533 is divided by 141281.
5690
Calculate the remainder when 661546 is divided by 102.
76
What is the remainder when 10503 is divided by 796?
155
Calculate the remainder when 24443 is divided by 24441.
2
Calculate the remainder when 1390758 is divided by 252.
222
Calculate the remainder when 150334 is divided by 150304.
30
What is the remainder when 953756 is divided by 344?
188
Calculate the remainder when 4497646 is divided by 627.
175
Calculate the remainder when 2081154 is divided by 693715.
9
Calculate the remainder when 222736 is divided by 28.
24
What is the remainder when 64510 is divided by 4555?
740
What is the remainder when 7339 is divided by 3084?
1171
What is the remainder when 238270 is divided by 499?
247
What is the remainder when 648693177 is divided by 9004?
9001
Calculate the remainder when 103223 is divided by 51.
50
Calculate the remainder when 14460302 is divided by 199.
166
Calculate the remainder when 289606 is divided by 287443.
2163
Calculate the remainder when 31723270 is divided by 2085.
2080
Calculate the remainder when 72066 is divided by 14216.
986
Calculate the remainder when 66941 is divided by 6037.
534
Calculate the remainder when 4414148 is divided by 51.
47
What is the remainder when 405373 is divided by 323?
8
Calculate the remainder when 1324896 is divided by 45673.
379
Calculate the remainder when 143318809 is divided by 15924311.
10
Calculate the remainder when 56628238 is divided by 17.
14
What is the remainder when 17599467 is divided by 128?
107
What is the remainder when 20239 is divided by 655?
589
What is the remainder when 368279 is divided by 122759?
2
Calculate the remainder when 233896 is divided by 4319.
670
Calculate the remainder when 677705 is divided by 3546.
419
Calculate the remainder when 41582 is divided by 20761.
60
Calculate the remainder when 20132510 is divided by 1591.
1587
Calculate the remainder when 89158 is divided by 42837.
3484
What is the remainder when 57014628 is divided by 11402924?
8
What is the remainder when 404139 is divided by 11220?
219
What is the remainder when 145633 is divided by 36324?
337
What is the remainder when 46868 is divided by 3781?
1496
What is the remainder when 7083046 is divided by 1826?
1818
What is the remainder when 13849135 is divided by 3?
1
What is the remainder when 821384 is divided by 24889?
47
What is the remainder when 25889851 is divided by 1176810?
31
Calculate the remainder when 372055 is divided by 14807.
1880
Calculate the remainder when 13931099 is divided by 11.
6
What is the remainder when 329068 is divided by 86?
32
Calculate the remainder when 19210839 is divided by 20.
19
Calculate the remainder when 11313790 is divided by 2539.
6
Calculate the remainder when 722920 is divided by 180706.
96
What is the remainder when 7159006 is divided by 3579493?
20
Calculate the remainder when 783391 is divided by 308.
147
Calculate the remainder when 119756904 is divided by 14.
8
What is the remainder when 1114564 is divided by 557278?
8
Calculate the remainder when 200329 is divided by 1049.
1019
Calculate the remainder when 506432 is divided by 126576.
128
What is the remainder when 9382533 is divided by 36794?
63
Calculate the remainder when 107616 is divided by 1048.
720
Calculate the remainder when 2976743 is divided by 1391.
3
Calculate the remainder when 4063 is divided by 2634.
1429
Calculate the remainder when 50624 is divided by 1002.
524
What is the remainder when 1253764 is divided by 8896?
8324
What is the remainder when 5013500 is divided by 608?
540
What is the remainder when 50311 is divided by 16762?
25
Calculate the remainder when 1131963 is divided by 727.
24
Calculate the remainder when 242655 is divided by 116.
99
What is the remainder when 75906117 is divided by 37953054?
9
Calculate the remainder when 38371683 is divided by 556111.
24
What is the remainder when 85278303 is divided by 26?
19
What is the remainder when 2778 is divided by 28?
6
Calculate the remainder when 71537 is divided by 1058.
651
Calculate the remainder when 25930737 is divided by 125.
112
What is the remainder when 655028 is divided by 1043?
24
What is the remainder when 1424825 is divided by 150?
125
What is the remainder when 